e 2*t + 19 = 2*q + 3*q, 5*q - 3*t = 16. Suppose 10*u + 36 = 19*u. What is the remainder when q is divided by u?
1
Let d(g) = -3*g - 15. Let r = 15 + -27. What is the remainder when 62 is divided by d(r)?
20
Let c = 59 - 32. What is the remainder when 52 is divided by c?
25
Let k = 37 + -19. What is the remainder when 197 is divided by k?
17
Let n(y) = 2*y**3 - y**3 + y**2 + 2*y**2 - 4*y - 6 + 3*y**2. Calculate the remainder when n(-5) is divided by 14.
11
Suppose -5*p - 10 = 5*m, -4*p - 29 = -m - 2*m. Suppose -2*z + m = -15. Calculate the remainder when 25 is divided by z.
7
Suppose 2*b + 0*b = 34. What is the remainder when b is divided by 7?
3
Let g = 18 - -3. What is the remainder when 61 is divided by g?
19
Suppose 3*d + 5*l = -2*d + 65, -d - 2*l + 17 = 0. Calculate the remainder when d is divided by 5.
4
Let z(k) = 3*k + 6. Suppose -24 = 3*i - 7*i. Let u be z(i). What is the remainder when 21 is divided by -1 - u/(-2 + 0)?
10
What is the remainder when (-3)/(0 + 12/(-668)) is divided by 42?
41
Let r = 176 - 169. Calculate the remainder when 10 is divided by r.
3
Let c(t) = -2*t**3 - 13*t**2 + 7*t + 3. Let v(a) = a**3 + 8*a**2 + 8*a - 1. Let s be v(-7). Let r = 12 + s. What is the remainder when r is divided by c(-7)?
1
Let n(a) = 2*a + 10. Let h be n(0). Suppose -2*f + h = 0, i + 2*f = 3*i. What is the remainder when i is divided by 3?
2
Suppose -3*a - 22 = 20. Let g = 34 + a. Calculate the remainder when 78 is divided by g.
18
Suppose -4*g + 3 = -g. Suppose -g - 5 = -p. Calculate the remainder when 16 is divided by p.
4
Suppose -5*p + 0*p - 53 = -2*q, -q + 4*p + 22 = 0. Let m = 11 - 5. Suppose -m - 30 = -3*c. What is the remainder when q is divided by c?
10
Let f = 17 + -13. Calculate the remainder when 636/16 - 3/f is divided by 14.
11
Let m(s) = s**3 + 13*s**2 + 18*s - 36. Calculate the remainder when 29 is divided by m(-11).
5
Suppose k + k - 6 = 0. What is the remainder when 8 is divided by k?
2
Suppose -2*a + 3 = 9. What is the remainder when 15 is divided by 12 + a/1 - 1?
7
Let i = 48 - 28. Let x = -16 - -6. Let d = 21 + x. Calculate the remainder when i is divided by d.
9
Suppose -u + 51 = -0*u. Calculate the remainder when u is divided by 9.
6
Let m = -19 + 78. What is the remainder when m is divided by 21?
17
What is the remainder when 23 is divided by 13 - (2 + (5 - 2))?
7
Suppose -23 = -2*k - 5*f, 4*k - 2*f = -7 + 89. Calculate the remainder when 94 is divided by k.
18
Let t(x) = x**3 + 4*x**2 - 6*x + 1. Let p be t(-5). Let b be -35*9/p*2. What is the remainder when 3/(-12) - b/4 is divided by 9?
8
Let q = 22 - 13. Suppose 5*r = -4*y + 477, r + 2*r + 2*y = 287. Suppose 19 = -3*c + r. What is the remainder when c is divided by q?
8
Calculate the remainder when 8/6 - 747/(-27) is divided by 16.
13
Suppose 4*y + 6 = 2*y. Suppose n + 0*n - 13 = -h, 0 = -2*h. What is the remainder when n is divided by (-4 - 1)/(3/y)?
3
What is the remainder when 55 is divided by (-267)/(-9) - (0 - (-6)/9)?
26
Let s = -157 + 236. Let f = -25 - -52. What is the remainder when s is divided by f?
25
Suppose -4*b + 15 + 169 = 0. What is the remainder when 91 is divided by b?
45
Suppose -1 = 2*l - 19. What is the remainder when 24 is divided by l?
6
Let s(g) = -g**3 - 9*g**2 - 12*g - 11. Calculate the remainder when 81 is divided by s(-8).
18
Let q(f) = -f**2 + f + 4. Let h be q(-3). Let z be (1/(-2))/((-1)/h). What is the remainder when (3/2)/((-3)/z) is divided by 1?
0
Suppose -w - s + 84 = -6*s, -64 = -w + s. Calculate the remainder when w is divided by 20.
19
Let c(d) = 3*d + 0 + 2 - 8*d. Let a = 73 - 41. What is the remainder when a is divided by c(-3)?
15
Suppose l - 20 = -3*l + 2*k, k = -2*l + 10. Suppose -l*c - 92 = -252. Calculate the remainder when c is divided by 4/(-18) - 101/(-9).
10
Let q(a) = a**3 + 8*a**2 - a - 2. Calculate the remainder when q(-8) is divided by 4.
2
Let q(j) = 10*j + 4. Let r be q(7). Let b = -42 + r. What is the remainder when b is divided by 11?
10
Let u = -23 + 58. Suppose -3*a + u = 2*a. Let n = 64 + -45. What is the remainder when n is divided by a?
5
Let z = 6 - -3. Suppose 0 = -d - 3 + z. Suppose 0 = c + p - d*p + 18, 2*c + 4*p - 34 = 0. What is the remainder when 19 is divided by c?
5
Suppose -7*d + 60 = -4*d. What is the remainder when 77 is divided by d?
17
Let w(d) = d + 10. Let i(c) = 2*c**2 - c - 4. Let q be i(3). Suppose 0 = 4*f - q - 13. What is the remainder when w(7) is divided by f?
5
Suppose 0 = -5*m - 15, -5*m - 37 = -y + 23. What is the remainder when y is divided by 16?
13
Let n be (-5 + -3)*(-6)/(-4). Calculate the remainder when (-4)/n - 202/(-6) is divided by 12.
10
Let k = -71 - -83. Calculate the remainder when k is divided by 21/4 - 3/12.
2
Let u = -37 - -39. Calculate the remainder when u is divided by 2.
0
Suppose 2*p - 33 = -2*z + 51, -5*z - 20 = 0. Let l = 18 - 12. Calculate the remainder when p is divided by (8/l)/(2/24).
14
Let x(q) = q**2 + 17*q + 51. What is the remainder when x(-21) is divided by 34?
33
Suppose -2*z + 114 = 4*g + 14, -2*z + 95 = -g. Calculate the remainder when z is divided by 26.
22
Let y be (-233)/(-11) - 4/22. Suppose 66 = v + y. Suppose -4*z - z + v = 0. Calculate the remainder when 25 is divided by z.
7
Suppose -l - m = m - 35, 3*l + 3*m - 99 = 0. Calculate the remainder when l is divided by 16.
15
Let p(a) = -4*a + 6*a + 2*a**3 - a + 16*a**3. What is the remainder when p(1) is divided by 7?
5
Let n be (-2 - (-3)/2)*46. Let k = n - -37. What is the remainder when k is divided by 8?
6
Let o = -1 + 5. Suppose -u + o = -10. Calculate the remainder when u is divided by (-5 - -1)*1*-2.
6
Let w = 8 + -5. What is the remainder when 9 is divided by w?
0
Let u be 53/(-11) + 16/(-88). What is the remainder when 2 is divided by (2/u)/(6/(-30))?
0
Let v = 145 + -226. Let h = 20 - v. Suppose -3*r - 5*l + h = 0, 2*r + 175 = 7*r + 5*l. Calculate the remainder when r is divided by 13.
11
Calculate the remainder when 20 - (1 + 2 + -3) is divided by -28*((-1)/4 - 0).
6
Suppose 2 = b + b. Suppose -3*j + b + 8 = 0. Suppose -4*x + 4*m = -28, -11 = 2*x - 5*x + m. What is the remainder when j is divided by x?
1
Suppose 0 = -3*o + 4*o - 2. Let i = o + 3. What is the remainder when 19 is divided by i?
4
Suppose -u - 42 = -4*u. Let r = 5 + 20. Calculate the remainder when r is divided by u.
11
Suppose 0 = 4*u - 4*b - 50 - 18, 96 = 4*u + 3*b. Let s(g) = -g**3 - 8*g**2 - 8*g + 4. What is the remainder when u is divided by s(-7)?
10
Let l(v) = -v**3 + 6*v + 12. Calculate the remainder when 204 is divided by l(-4).
48
Let m(n) = n**3 + n**2 - n. Let q(p) = 3*p**3 + 14*p**2 - 11*p - 12. Let k(t) = -4*m(t) + q(t). What is the remainder when 10 is divided by k(9)?
4
Let w(p) = -p**2 - 7*p + 10. Let n be w(-8). Calculate the remainder when 38 is divided by (-22)/(-3 + n) + -2.
18
Let f(w) = w**3 + 3*w**2 + w + 1. Let s be f(-2). Suppose s*o - 5*o = -42. Calculate the remainder when o is divided by 11.
10
Calculate the remainder when 62 is divided by (1/(-5) + (-6)/45)*-48.
14
Calculate the remainder when 69 is divided by (16/12)/((-6)/(-81)).
15
Let u(s) = s**3 - 4*s**2 - 5*s + 12. What is the remainder when 46 is divided by u(5)?
10
Calculate the remainder when 54 is divided by (-38)/(-3)*9/6.
16
Calculate the remainder when 103 is divided by 15/(-2)*(0 + -2).
13
Suppose -3*r + 5*l + 18 = 0, 3*r + 5*l - 13 = 5. Suppose -r = -g - g. What is the remainder when 9 is divided by g?
0
Suppose 3*f = -0*f + 159. Suppose 3*x - 4*h + 85 = 0, 3*h = 3*x + f + 37. Let a = x + 52. What is the remainder when a is divided by 9?
8
Let n = -73 + 102. Calculate the remainder when 85 is divided by n.
27
Suppose -3*u + 35 = 2*z - 14, 2*z = -4*u + 52. Suppose 4*v - 3*i - 2*i = 131, -i - 34 = -v. Calculate the remainder when v is divided by z.
19
Suppose 7*a - 2*a = 0. Suppose -5*r - 19 = 2*v - 125, a = 4*r + 3*v - 89. What is the remainder when 78 is divided by r?
18
Let g be (-1)/4 + (-225)/(-36). What is the remainder when 19 is divided by (0 + g - 2)*1?
3
Let a = 23 - 23. Suppose 3*t + 4*y - 19 = a, -44 = -2*t + 3*y - 3. What is the remainder when (3 - 0)*50/6 is divided by t?
12
Let h = -2 + -3. Let t = h + 25. Calculate the remainder when 38 is divided by t.
18
Suppose 0 = 2*v - 3*v - 5*r + 23, -4*r = -5*v 